In base 8, what is 107064 - 174?
106670
In base 7, what is -325532610 + -2?
-325532612
In base 11, what is -22415 + 261?
-22164
In base 12, what is -202370 + -30?
-2023a0
In base 7, what is -116405 - 114452?
-234160
In base 14, what is -40257 - -28?
-4022d
In base 12, what is 41b38 - 3ba?
4173a
In base 7, what is -1410 - -503026?
501316
In base 9, what is -137540084 + -1?
-137540085
In base 12, what is 576710a + -1a?
57670b0
In base 4, what is -1230231311 - 30?
-1230232001
In base 9, what is -6664605 + 57?
-6664537
In base 4, what is -202031321020 - 10?
-202031321030
In base 9, what is 0 + 3554786?
3554786
In base 11, what is 178 - 66882?
-66705
In base 15, what is 2a8129 - 0?
2a8129
In base 2, what is -1010010001110100010 + -10101010?
-1010010010001001100
In base 11, what is 4a + -618240?
-6181a1
In base 12, what is 199 - 40aa?
-3b11
In base 7, what is -43513464 - 1?
-43513465
In base 4, what is 33031323121210 + 10?
33031323121220
In base 10, what is -6694421 + -5?
-6694426
In base 12, what is 5b287 + -114?
5b173
In base 8, what is -17 - -3105513?
3105474
In base 10, what is -57 + -20717244?
-20717301
In base 9, what is 2 + -1217035?
-1217033
In base 9, what is 3676141 + -27?
3676113
In base 13, what is 6c2 - -1860?
2252
In base 5, what is 0 + -112120004?
-112120004
In base 6, what is -10225432145 - 5?
-10225432154
In base 8, what is 2151 + 1775?
4146
In base 8, what is 37446022 - -3?
37446025
In base 14, what is -665b8 - -38?
-66580
In base 9, what is -270841257 - -3?
-270841254
In base 14, what is -b - 188dd4d?
-188dd5a
In base 6, what is 4 - 5012553210?
-5012553202
In base 9, what is -22407026 + -12?
-22407038
In base 10, what is -300 - -730220?
729920
In base 2, what is -100011011001001010010 + 1001000110?
-100011011000000001100
In base 5, what is -434221000 + -22?
-434221022
In base 11, what is 3 + 136851048?
136851050
In base 7, what is -4544 + 1645350?
1640503
In base 5, what is 100 + 104041424?
104042024
In base 12, what is -3598 - -3128?
-470
In base 10, what is 5 + -455509?
-455504
In base 15, what is 609b9 + 121?
60ada
In base 15, what is 30 + -369ae1?
-369ab1
In base 9, what is -177041 - 4677?
-182728
In base 2, what is -1101000 + 10000010001101100?
10000010000000100
In base 5, what is 4324334 - 2024?
4322310
In base 10, what is 10301 + -395?
9906
In base 9, what is 880877085 - -1?
880877086
In base 4, what is -11 - -211112010302?
211112010231
In base 15, what is -1357 + c52?
-605
In base 2, what is 11000100000 - -10101100010010?
11000100110010
In base 2, what is 1110100111100 - 10010101?
1110010100111
In base 8, what is -3 + -675545315?
-675545320
In base 11, what is 38a + -488303?
-487a24
In base 14, what is 73403aca - 3?
73403ac7
In base 15, what is -7401 + -1eea?
-93eb
In base 2, what is 100000011011010 - -100111101111010?
1001000001010100
In base 6, what is 513 + 4402322?
4403235
In base 11, what is -2814 + -1147a?
-14193
In base 15, what is -c792 + -22c?
-c9be
In base 5, what is -300041 + -243440?
-1044031
In base 15, what is -17e97 + -18?
-17eb0
In base 7, what is -520365300 + 1?
-520365266
In base 16, what is db - -11cc0?
11d9b
In base 13, what is -3307c3 - 20?
-330813
In base 10, what is -7474267 + -7?
-7474274
In base 14, what is -1d - -4689d?
46880
In base 12, what is -5150402 + -5?
-5150407
In base 3, what is 21102221221022 - 1111?
21102221212211
In base 13, what is -b + 9b1662?
9b1654
In base 4, what is -131011232322 + 30?
-131011232232
In base 10, what is 125369 - -147?
125516
In base 16, what is -503c428 - 4?
-503c42c
In base 10, what is 8057006 + 6?
8057012
In base 3, what is -1002022020000 - -110110?
-1002021202120
In base 5, what is -42440 + -304?
-43244
In base 5, what is -24 - 41403201314?
-41403201343
In base 15, what is 2 + -1d4646?
-1d4644
In base 15, what is d + 16625e?
16626c
In base 5, what is 3241341434 + -13?
3241341421
In base 13, what is -960b + 88?
-9553
In base 12, what is -15 + -2976199?
-29761b2
In base 15, what is -314c + -79b?
-38e8
In base 7, what is 6063054 - 41?
6063013
In base 3, what is 1201022 - 222011010?
-220102211
In base 5, what is 0 - 1130424123?
-1130424123
In base 11, what is -7883a26 - 41?
-7883a67
In base 15, what is -3 - -302a109?
302a106
In base 9, what is -2 - 3575274?
-3575276
In base 5, what is -12 + 1432130331?
1432130314
In base 2, what is -11 - -1100000000000100011100011?
1100000000000100011100000
In base 13, what is 275a53b0 + -1?
275a53ac
In base 13, what is 72 - 117059?
-116cb7
In base 4, what is 100111220 + -3011?
100102203
In base 15, what is 11 + -b7069?
-b7058
In base 10, what is 2306480 + -66?
2306414
In base 15, what is -4 - 4d3116?
-4d311a
In base 3, what is -221020022 + 210111?
-220102211
In base 2, what is 1101001110001110111111 + -100?
1101001110001110111011
In base 2, what is -1001111011011000 - -100111?
-1001111010110001
In base 11, what is -8936485 - -11?
-8936474
In base 16, what is 149b3 - cb?
148e8
In base 5, what is -3241 + -333122?
-341413
In base 6, what is 13 - 2402441315?
-2402441302
In base 2, what is 1111000111001101101001001 - 1?
1111000111001101101001000
In base 13, what is 693 + 352?
a15
In base 6, what is -144253153 + -1?
-144253154
In base 2, what is -1101 - 110010100111110111001?
-110010100111111000110
In base 5, what is 302 + -33222223?
-33221421
In base 6, what is 50 - -255351351?
255351441
In base 10, what is -3 + -172999514?
-172999517
In base 14, what is 32 + 118518d?
11851c1
In base 12, what is -62 + 256a4?
25642
In base 11, what is -5102a + 477?
-50663
In base 11, what is -5510 + 2469?
-3052
In base 3, what is 1111 + -1221111221222?
-1221111220111
In base 8, what is -16 - -415724?
415706
In base 15, what is -3ec49 + -49?
-3ec93
In base 7, what is 40 + -201236252?
-201236212
In base 4, what is 2100 + 22110303?
22113003
In base 16, what is 228fe2b + 5?
228fe30
In base 12, what is 1bba758 - -3?
1bba75b
In base 9, what is -3 - -1644231?
1644227
In base 10, what is 22 + 57655?
57677
In base 14, what is -10c78588 - 3?
-10c7858b
In base 9, what is -681526 + -68?
-681605
In base 2, what is 111 - 1110010000100010101110011100?
-1110010000100010101110010101
In base 15, what is 394 + -11d14?
-11970
In base 15, what is e - 5839c9?
-5839ba
In base 2, what is -1010010011110010010 + 100000111?
-1010010011010001011
In base 5, what is -334011200 + -30?
-334011230
In base 16, what is -4c7e - 12ff?
-5f7d
In base 12, what is 3255 + 11b64?
151b9
In base 3, what is 1022000111212 - 12?
1022000111200
In base 2, what is -1001111011110100 + 101110010?
-1001110110000010
In base 3, what is -121111 - -1101102201011?
1101102002200
In base 16, what is -7a2 + 129a1?
121ff
In base 9, what is 11 + -484034?
-484023
In base 15, what is 1b0e12 + a0?
1b0eb2
In base 11, what is -126058 - -3412?
-122746
In base 3, what is -20011 + 12102212002112?
12102211212101
In base 7, what is -241 - 54201520?
-54202061
In base 15, what is -22 + -57585?
-575a7
In base 6, what is 224311 - 1540?
222331
In base 4, what is -1201133 - -212012?
-323121
In base 5, what is 1041 + -201413314?
-201412223
In base 9, what is -153 - 146651?
-146814
In base 14, what is 2c + -d4491?
-d4463
In base 9, what is -1 + -40416?
-40417
In base 2, what is 10111001001010111110 - 111000?
10111001001010000110
In base 11, what is -5 + -a0a5139a?
-a0a513a4
In base 14, what is 80a0 + b3?
8173
In base 8, what is -125 - 6736?
-7063
In base 10, what is -477155 + -3?
-477158
In base 3, what is -100210201202111 - 0?
-100210201202111
In base 14, what is -193 - 63638?
-637cb
In base 4, what is -1030010 - 103110022?
-110200032
In base 3, what is -2221112200112212 - -1?
-2221112200112211
In base 11, what is 0 - 107a49a4?
-107a49a4
In base 10, what is 256 + 1025434?
1025690
In base 2, what is 10111111000100 + 0?
10111111000100
In base 13, what is -6ab775b - 4?
-6ab7762
In base 13, what is -8721ab - 5?
-8721b3
In base 15, what is -a - -2d1eda5?
2d1ed9a
In base 15, what is 510a9e - -4?
510aa3
In base 11, what is a75035a - 5?
a750355
In base 9, what is -233744 - -224?
-233520
In base 14, what is -95249 + 141?
-95108
In base 16, what is b7c0 + -1164?
a65c
In base 5, what is 0 - -11333324432?
11333324432
In base 3, what is 1010102 + 2210211010?
2211221112
In base 7, what is -11 + 25523555?
25523544
In base 15, what is b7 - 72c2